{"id":25,"date":"2023-06-29T17:32:39","date_gmt":"2023-06-29T17:32:39","guid":{"rendered":"https:\/\/tgtraning.se\/?page_id=25"},"modified":"2023-07-09T22:09:18","modified_gmt":"2023-07-09T22:09:18","slug":"lopning","status":"publish","type":"page","link":"https:\/\/tgtraning.se\/?page_id=25","title":{"rendered":"L\u00f6pning"},"content":{"rendered":"\n<p>L\u00f6pning \u00e4r en av de allra enklaste motionsformerna att s\u00e4tta ig\u00e5ng med. Med ett par joggingskor p\u00e5 f\u00f6tterna s\u00e5 \u00e4r det bara att kliva utanf\u00f6r d\u00f6rren eller st\u00e4lla dig p\u00e5 l\u00f6pbandet och b\u00f6rja springa. Men l\u00f6ptr\u00e4ningen \u00e4r sv\u00e5r att f\u00e5 kontinuitet i. Motivationsbrist, skador eller \u00f6vertr\u00e4ning \u00e4r exempel p\u00e5 hinder som beh\u00f6ver \u00f6vervinnas.<\/p>\n\n\n\n<p>Tomas har l\u00e5ng erfarenhet av l\u00f6pning. B\u00e5de som coach och atlet. Med hans hj\u00e4lp hittar du r\u00e4tt i ditt uppl\u00e4gg. Och f\u00e5r hj\u00e4lp att ta dig genom alla utmaningar som l\u00f6ptr\u00e4ning inneb\u00e4r.<\/p>\n","protected":false},"excerpt":{"rendered":"<p>L\u00f6pning \u00e4r en av de allra enklaste motionsformerna att s\u00e4tta ig\u00e5ng med. Med ett par joggingskor p\u00e5 f\u00f6tterna s\u00e5 \u00e4r det bara att kliva utanf\u00f6r d\u00f6rren eller st\u00e4lla dig p\u00e5 l\u00f6pbandet och b\u00f6rja springa. Men l\u00f6ptr\u00e4ningen \u00e4r sv\u00e5r att f\u00e5 kontinuitet i. Motivationsbrist, skador eller \u00f6vertr\u00e4ning \u00e4r exempel p\u00e5 hinder som beh\u00f6ver \u00f6vervinnas. Tomas har&hellip;&nbsp;<a href=\"https:\/\/tgtraning.se\/?page_id=25\" class=\"\" rel=\"bookmark\">Read More &raquo;<span class=\"screen-reader-text\">L\u00f6pning<\/span><\/a><\/p>\n","protected":false},"author":1,"featured_media":26,"parent":2,"menu_order":10,"comment_status":"closed","ping_status":"closed","template":"","meta":{"neve_meta_sidebar":"","neve_meta_container":"","neve_meta_enable_content_width":"","neve_meta_content_width":0,"neve_meta_title_alignment":"","neve_meta_author_avatar":"","neve_post_elements_order":"","neve_meta_disable_header":"","neve_meta_disable_footer":"","neve_meta_disable_title":""},"_links":{"self":[{"href":"https:\/\/tgtraning.se\/index.php?rest_route=\/wp\/v2\/pages\/25"}],"collection":[{"href":"https:\/\/tgtraning.se\/index.php?rest_route=\/wp\/v2\/pages"}],"about":[{"href":"https:\/\/tgtraning.se\/index.php?rest_route=\/wp\/v2\/types\/page"}],"author":[{"embeddable":true,"href":"https:\/\/tgtraning.se\/index.php?rest_route=\/wp\/v2\/users\/1"}],"replies":[{"embeddable":true,"href":"https:\/\/tgtraning.se\/index.php?rest_route=%2Fwp%2Fv2%2Fcomments&post=25"}],"version-history":[{"count":4,"href":"https:\/\/tgtraning.se\/index.php?rest_route=\/wp\/v2\/pages\/25\/revisions"}],"predecessor-version":[{"id":103,"href":"https:\/\/tgtraning.se\/index.php?rest_route=\/wp\/v2\/pages\/25\/revisions\/103"}],"up":[{"embeddable":true,"href":"https:\/\/tgtraning.se\/index.php?rest_route=\/wp\/v2\/pages\/2"}],"wp:featuredmedia":[{"embeddable":true,"href":"https:\/\/tgtraning.se\/index.php?rest_route=\/wp\/v2\/media\/26"}],"wp:attachment":[{"href":"https:\/\/tgtraning.se\/index.php?rest_route=%2Fwp%2Fv2%2Fmedia&parent=25"}],"curies":[{"name":"wp","href":"https:\/\/api.w.org\/{rel}","templated":true}]}}