{"id":22,"date":"2023-06-29T17:29:48","date_gmt":"2023-06-29T17:29:48","guid":{"rendered":"https:\/\/tgtraning.se\/?page_id=22"},"modified":"2023-07-09T22:07:28","modified_gmt":"2023-07-09T22:07:28","slug":"simning","status":"publish","type":"page","link":"https:\/\/tgtraning.se\/?page_id=22","title":{"rendered":"Simning"},"content":{"rendered":"\n<p>F\u00e5 sporter \u00e4r s\u00e5 tekniskt utmanande som simning. F\u00e5 sporter \u00e4r ocks\u00e5 s\u00e5 mentalt p\u00e5frestande som simning. S\u00e5v\u00e4l nyb\u00f6rjare som avancerade simmare beh\u00f6ver hitta balansen mellan att kombinera teknik, avslappning och kraft.<\/p>\n\n\n\n<p>Tomas har flera \u00e5rs erfarenhet som simcoach och hj\u00e4lper dig att hitta r\u00e4tt i din egen simteknik och simtr\u00e4ning.<\/p>\n","protected":false},"excerpt":{"rendered":"<p>F\u00e5 sporter \u00e4r s\u00e5 tekniskt utmanande som simning. F\u00e5 sporter \u00e4r ocks\u00e5 s\u00e5 mentalt p\u00e5frestande som simning. S\u00e5v\u00e4l nyb\u00f6rjare som avancerade simmare beh\u00f6ver hitta balansen mellan att kombinera teknik, avslappning och kraft. Tomas har flera \u00e5rs erfarenhet som simcoach och hj\u00e4lper dig att hitta r\u00e4tt i din egen simteknik och simtr\u00e4ning.<\/p>\n","protected":false},"author":1,"featured_media":23,"parent":2,"menu_order":20,"comment_status":"closed","ping_status":"closed","template":"","meta":{"neve_meta_sidebar":"","neve_meta_container":"","neve_meta_enable_content_width":"","neve_meta_content_width":0,"neve_meta_title_alignment":"","neve_meta_author_avatar":"","neve_post_elements_order":"","neve_meta_disable_header":"","neve_meta_disable_footer":"","neve_meta_disable_title":""},"_links":{"self":[{"href":"https:\/\/tgtraning.se\/index.php?rest_route=\/wp\/v2\/pages\/22"}],"collection":[{"href":"https:\/\/tgtraning.se\/index.php?rest_route=\/wp\/v2\/pages"}],"about":[{"href":"https:\/\/tgtraning.se\/index.php?rest_route=\/wp\/v2\/types\/page"}],"author":[{"embeddable":true,"href":"https:\/\/tgtraning.se\/index.php?rest_route=\/wp\/v2\/users\/1"}],"replies":[{"embeddable":true,"href":"https:\/\/tgtraning.se\/index.php?rest_route=%2Fwp%2Fv2%2Fcomments&post=22"}],"version-history":[{"count":3,"href":"https:\/\/tgtraning.se\/index.php?rest_route=\/wp\/v2\/pages\/22\/revisions"}],"predecessor-version":[{"id":101,"href":"https:\/\/tgtraning.se\/index.php?rest_route=\/wp\/v2\/pages\/22\/revisions\/101"}],"up":[{"embeddable":true,"href":"https:\/\/tgtraning.se\/index.php?rest_route=\/wp\/v2\/pages\/2"}],"wp:featuredmedia":[{"embeddable":true,"href":"https:\/\/tgtraning.se\/index.php?rest_route=\/wp\/v2\/media\/23"}],"wp:attachment":[{"href":"https:\/\/tgtraning.se\/index.php?rest_route=%2Fwp%2Fv2%2Fmedia&parent=22"}],"curies":[{"name":"wp","href":"https:\/\/api.w.org\/{rel}","templated":true}]}}